{"id":1355,"date":"2020-11-20T14:42:11","date_gmt":"2020-11-20T14:42:11","guid":{"rendered":"https:\/\/tekniseri.com\/?page_id=1355"},"modified":"2020-11-20T14:42:19","modified_gmt":"2020-11-20T14:42:19","slug":"molok","status":"publish","type":"page","link":"https:\/\/tekniseri.fi\/?page_id=1355","title":{"rendered":"Molok"},"content":{"rendered":"<div class=\"fusion-fullwidth fullwidth-box fusion-builder-row-1 nonhundred-percent-fullwidth non-hundred-percent-height-scrolling\" style=\"--awb-border-radius-top-left:0px;--awb-border-radius-top-right:0px;--awb-border-radius-bottom-right:0px;--awb-border-radius-bottom-left:0px;--awb-flex-wrap:wrap;\" ><div class=\"fusion-builder-row fusion-row\"><div class=\"fusion-layout-column fusion_builder_column fusion-builder-column-0 fusion_builder_column_1_1 1_1 fusion-one-full fusion-column-first fusion-column-last\" style=\"--awb-bg-size:cover;\"><div class=\"fusion-column-wrapper fusion-column-has-shadow fusion-flex-column-wrapper-legacy\"><div class=\"fusion-image-element fusion-image-align-center in-legacy-container\" style=\"text-align:center;--awb-caption-title-font-family:var(--h2_typography-font-family);--awb-caption-title-font-weight:var(--h2_typography-font-weight);--awb-caption-title-font-style:var(--h2_typography-font-style);--awb-caption-title-size:var(--h2_typography-font-size);--awb-caption-title-transform:var(--h2_typography-text-transform);--awb-caption-title-line-height:var(--h2_typography-line-height);--awb-caption-title-letter-spacing:var(--h2_typography-letter-spacing);\"><div class=\"imageframe-align-center\"><span class=\" fusion-imageframe imageframe-none imageframe-1 hover-type-none\"><img decoding=\"async\" width=\"1024\" height=\"683\" title=\"MolokClassic-waste-containers-6561\" src=\"https:\/\/tekniseri.com\/wp-content\/uploads\/2020\/11\/MolokClassic-waste-containers-6561-1-1024x683.png\" alt class=\"img-responsive wp-image-1352\" srcset=\"https:\/\/tekniseri.fi\/wp-content\/uploads\/2020\/11\/MolokClassic-waste-containers-6561-1-200x133.png 200w, https:\/\/tekniseri.fi\/wp-content\/uploads\/2020\/11\/MolokClassic-waste-containers-6561-1-400x267.png 400w, https:\/\/tekniseri.fi\/wp-content\/uploads\/2020\/11\/MolokClassic-waste-containers-6561-1-600x400.png 600w, https:\/\/tekniseri.fi\/wp-content\/uploads\/2020\/11\/MolokClassic-waste-containers-6561-1-800x533.png 800w, https:\/\/tekniseri.fi\/wp-content\/uploads\/2020\/11\/MolokClassic-waste-containers-6561-1-1200x800.png 1200w, https:\/\/tekniseri.fi\/wp-content\/uploads\/2020\/11\/MolokClassic-waste-containers-6561-1.png 3000w\" sizes=\"(max-width: 800px) 100vw, 1024px\" \/><\/span><\/div><\/div><div class=\"fusion-text fusion-text-1\"><h3 style=\"text-align: center;\">Syv\u00e4ker\u00e4yss\u00e4ili\u00f6t vaivattomaan ja ymp\u00e4rist\u00f6yst\u00e4v\u00e4lliseen j\u00e4tehuoltoon<\/h3>\n<p style=\"text-align: justify;\">Molok-syv\u00e4ker\u00e4ysmenetelm\u00e4n toimintaperiaatteena on j\u00e4tes\u00e4ili\u00f6, joka on suurelta osin maan alla. N\u00e4in perinteist\u00e4 j\u00e4tekatosta ei en\u00e4\u00e4 tarvita, ja Molok-s\u00e4ili\u00f6t mahtuvat pienelle pinta-alalle, koska 60 % s\u00e4ili\u00f6st\u00e4 on maan alla 1,5 metrin syvyydess\u00e4 lis\u00e4ten ker\u00e4yskapasiteettia. Ker\u00e4ysmenetelm\u00e4 on vertikaalinen , joten painovoiman ansiosta s\u00e4ili\u00f6\u00f6n mahtuu viel\u00e4 huomattavasti enemm\u00e4n j\u00e4tett\u00e4. Lis\u00e4ksi maan viileys pienent\u00e4\u00e4 hajuhaittoja (vanhin j\u00e4te j\u00e4\u00e4 alimmaksi s\u00e4ili\u00f6n viileimp\u00e4\u00e4n osaan).<\/p>\n<\/div><div class=\"fusion-text fusion-text-2\"><p style=\"text-align: justify;\">Molok on kasvanut kansainv\u00e4liseksi yritykseksi ja yrityksen tuotteet ovat k\u00e4yt\u00f6ss\u00e4 maailmanlaajuisesti. Ymp\u00e4rist\u00f6\u00e4, kustannuksia ja aikaa s\u00e4\u00e4st\u00e4v\u00e4\u00e4 j\u00e4rjestelm\u00e4\u00e4 k\u00e4ytt\u00e4v\u00e4t p\u00e4ivitt\u00e4in miljoonat ihmiset ymp\u00e4ri maailmaa. Tuotteita on erilaisissa asumisen kulttuureissa, yhteens\u00e4 t\u00e4h\u00e4n menness\u00e4 yli 170 000 yksikk\u00f6\u00e4.<\/p>\n<p style=\"text-align: justify;\">Tekniseri on Yrityksen pitk\u00e4aikainen yhteisty\u00f6kumppani ja toimittaa asiakasr\u00e4\u00e4t\u00e4l\u00f6idyt painetut metalliset merkint\u00e4kilvet s\u00e4ili\u00f6ihin. Merkint\u00e4kilpien tarve on eritt\u00e4in laaja, sill\u00e4 niit\u00e4 tarvitaan maailmanlaajuisesti monina eri kieliversioina. Molokin toimitusprosessi vaatii merkint\u00e4kilpien toimittajalta t\u00e4sm\u00e4llisyytt\u00e4 ja ennustettavuutta, jotta maailmanlaajuinen logistiikkaverkosto toimii moitteettomasti. S\u00e4ili\u00f6iden vaihtelevat asennusymp\u00e4rist\u00f6olosuhteet asettavat merkint\u00e4tuotteille korkeat vaatimukset kest\u00e4vyyden ja painoj\u00e4ljen laadun suhteen.<\/p>\n<p>Lue lis\u00e4\u00e4 Molokista osoitteessa: <em><a href=\"https:\/\/www.molok.com\/\/\">Molok.com<\/a><\/em>.<\/p>\n<\/div><div class=\"fusion-clearfix\"><\/div><\/div><\/div><\/div><\/div>\n","protected":false},"excerpt":{"rendered":"","protected":false},"author":1,"featured_media":0,"parent":543,"menu_order":0,"comment_status":"closed","ping_status":"closed","template":"","meta":{"footnotes":""},"class_list":["post-1355","page","type-page","status-publish","hentry"],"yoast_head":"<!-- This site is optimized with the Yoast SEO plugin v27.3 - https:\/\/yoast.com\/product\/yoast-seo-wordpress\/ -->\n<title>Molok &#187; Tekniseri<\/title>\n<meta name=\"robots\" content=\"index, follow, max-snippet:-1, max-image-preview:large, max-video-preview:-1\" \/>\n<link rel=\"canonical\" href=\"https:\/\/tekniseri.fi\/?page_id=1355\" \/>\n<meta property=\"og:locale\" content=\"fi_FI\" \/>\n<meta property=\"og:type\" content=\"article\" \/>\n<meta property=\"og:title\" content=\"Molok &#187; Tekniseri\" \/>\n<meta property=\"og:url\" content=\"https:\/\/tekniseri.fi\/?page_id=1355\" \/>\n<meta property=\"og:site_name\" content=\"Tekniseri\" \/>\n<meta property=\"article:publisher\" content=\"https:\/\/www.facebook.com\/tekniseri\/\" \/>\n<meta property=\"article:modified_time\" content=\"2020-11-20T14:42:19+00:00\" \/>\n<meta name=\"twitter:card\" content=\"summary_large_image\" \/>\n<meta name=\"twitter:label1\" content=\"Arvioitu lukuaika\" \/>\n\t<meta name=\"twitter:data1\" content=\"4 minuuttia\" \/>\n<script type=\"application\/ld+json\" class=\"yoast-schema-graph\">{\"@context\":\"https:\\\/\\\/schema.org\",\"@graph\":[{\"@type\":\"WebPage\",\"@id\":\"https:\\\/\\\/tekniseri.fi\\\/?page_id=1355\",\"url\":\"https:\\\/\\\/tekniseri.fi\\\/?page_id=1355\",\"name\":\"Molok &#187; Tekniseri\",\"isPartOf\":{\"@id\":\"https:\\\/\\\/tekniseri.fi\\\/#website\"},\"datePublished\":\"2020-11-20T14:42:11+00:00\",\"dateModified\":\"2020-11-20T14:42:19+00:00\",\"breadcrumb\":{\"@id\":\"https:\\\/\\\/tekniseri.fi\\\/?page_id=1355#breadcrumb\"},\"inLanguage\":\"fi\",\"potentialAction\":[{\"@type\":\"ReadAction\",\"target\":[\"https:\\\/\\\/tekniseri.fi\\\/?page_id=1355\"]}]},{\"@type\":\"BreadcrumbList\",\"@id\":\"https:\\\/\\\/tekniseri.fi\\\/?page_id=1355#breadcrumb\",\"itemListElement\":[{\"@type\":\"ListItem\",\"position\":1,\"name\":\"Home\",\"item\":\"https:\\\/\\\/tekniseri.fi\\\/\"},{\"@type\":\"ListItem\",\"position\":2,\"name\":\"Referenssit\",\"item\":\"https:\\\/\\\/tekniseri.fi\\\/?page_id=543\"},{\"@type\":\"ListItem\",\"position\":3,\"name\":\"Molok\"}]},{\"@type\":\"WebSite\",\"@id\":\"https:\\\/\\\/tekniseri.fi\\\/#website\",\"url\":\"https:\\\/\\\/tekniseri.fi\\\/\",\"name\":\"Tekniseri\",\"description\":\"\",\"publisher\":{\"@id\":\"https:\\\/\\\/tekniseri.fi\\\/#organization\"},\"potentialAction\":[{\"@type\":\"SearchAction\",\"target\":{\"@type\":\"EntryPoint\",\"urlTemplate\":\"https:\\\/\\\/tekniseri.fi\\\/?s={search_term_string}\"},\"query-input\":{\"@type\":\"PropertyValueSpecification\",\"valueRequired\":true,\"valueName\":\"search_term_string\"}}],\"inLanguage\":\"fi\"},{\"@type\":\"Organization\",\"@id\":\"https:\\\/\\\/tekniseri.fi\\\/#organization\",\"name\":\"Tekniseri\",\"url\":\"https:\\\/\\\/tekniseri.fi\\\/\",\"logo\":{\"@type\":\"ImageObject\",\"inLanguage\":\"fi\",\"@id\":\"https:\\\/\\\/tekniseri.fi\\\/#\\\/schema\\\/logo\\\/image\\\/\",\"url\":\"https:\\\/\\\/tekniseri.fi\\\/wp-content\\\/uploads\\\/2023\\\/01\\\/Tekniseri-Logo-2023.jpg\",\"contentUrl\":\"https:\\\/\\\/tekniseri.fi\\\/wp-content\\\/uploads\\\/2023\\\/01\\\/Tekniseri-Logo-2023.jpg\",\"width\":2422,\"height\":356,\"caption\":\"Tekniseri\"},\"image\":{\"@id\":\"https:\\\/\\\/tekniseri.fi\\\/#\\\/schema\\\/logo\\\/image\\\/\"},\"sameAs\":[\"https:\\\/\\\/www.facebook.com\\\/tekniseri\\\/\",\"https:\\\/\\\/linkedin.com\\\/company\\\/tekniseri\"]}]}<\/script>\n<!-- \/ Yoast SEO plugin. -->","yoast_head_json":{"title":"Molok &#187; Tekniseri","robots":{"index":"index","follow":"follow","max-snippet":"max-snippet:-1","max-image-preview":"max-image-preview:large","max-video-preview":"max-video-preview:-1"},"canonical":"https:\/\/tekniseri.fi\/?page_id=1355","og_locale":"fi_FI","og_type":"article","og_title":"Molok &#187; Tekniseri","og_url":"https:\/\/tekniseri.fi\/?page_id=1355","og_site_name":"Tekniseri","article_publisher":"https:\/\/www.facebook.com\/tekniseri\/","article_modified_time":"2020-11-20T14:42:19+00:00","twitter_card":"summary_large_image","twitter_misc":{"Arvioitu lukuaika":"4 minuuttia"},"schema":{"@context":"https:\/\/schema.org","@graph":[{"@type":"WebPage","@id":"https:\/\/tekniseri.fi\/?page_id=1355","url":"https:\/\/tekniseri.fi\/?page_id=1355","name":"Molok &#187; Tekniseri","isPartOf":{"@id":"https:\/\/tekniseri.fi\/#website"},"datePublished":"2020-11-20T14:42:11+00:00","dateModified":"2020-11-20T14:42:19+00:00","breadcrumb":{"@id":"https:\/\/tekniseri.fi\/?page_id=1355#breadcrumb"},"inLanguage":"fi","potentialAction":[{"@type":"ReadAction","target":["https:\/\/tekniseri.fi\/?page_id=1355"]}]},{"@type":"BreadcrumbList","@id":"https:\/\/tekniseri.fi\/?page_id=1355#breadcrumb","itemListElement":[{"@type":"ListItem","position":1,"name":"Home","item":"https:\/\/tekniseri.fi\/"},{"@type":"ListItem","position":2,"name":"Referenssit","item":"https:\/\/tekniseri.fi\/?page_id=543"},{"@type":"ListItem","position":3,"name":"Molok"}]},{"@type":"WebSite","@id":"https:\/\/tekniseri.fi\/#website","url":"https:\/\/tekniseri.fi\/","name":"Tekniseri","description":"","publisher":{"@id":"https:\/\/tekniseri.fi\/#organization"},"potentialAction":[{"@type":"SearchAction","target":{"@type":"EntryPoint","urlTemplate":"https:\/\/tekniseri.fi\/?s={search_term_string}"},"query-input":{"@type":"PropertyValueSpecification","valueRequired":true,"valueName":"search_term_string"}}],"inLanguage":"fi"},{"@type":"Organization","@id":"https:\/\/tekniseri.fi\/#organization","name":"Tekniseri","url":"https:\/\/tekniseri.fi\/","logo":{"@type":"ImageObject","inLanguage":"fi","@id":"https:\/\/tekniseri.fi\/#\/schema\/logo\/image\/","url":"https:\/\/tekniseri.fi\/wp-content\/uploads\/2023\/01\/Tekniseri-Logo-2023.jpg","contentUrl":"https:\/\/tekniseri.fi\/wp-content\/uploads\/2023\/01\/Tekniseri-Logo-2023.jpg","width":2422,"height":356,"caption":"Tekniseri"},"image":{"@id":"https:\/\/tekniseri.fi\/#\/schema\/logo\/image\/"},"sameAs":["https:\/\/www.facebook.com\/tekniseri\/","https:\/\/linkedin.com\/company\/tekniseri"]}]}},"_links":{"self":[{"href":"https:\/\/tekniseri.fi\/index.php?rest_route=\/wp\/v2\/pages\/1355","targetHints":{"allow":["GET"]}}],"collection":[{"href":"https:\/\/tekniseri.fi\/index.php?rest_route=\/wp\/v2\/pages"}],"about":[{"href":"https:\/\/tekniseri.fi\/index.php?rest_route=\/wp\/v2\/types\/page"}],"author":[{"embeddable":true,"href":"https:\/\/tekniseri.fi\/index.php?rest_route=\/wp\/v2\/users\/1"}],"replies":[{"embeddable":true,"href":"https:\/\/tekniseri.fi\/index.php?rest_route=%2Fwp%2Fv2%2Fcomments&post=1355"}],"version-history":[{"count":7,"href":"https:\/\/tekniseri.fi\/index.php?rest_route=\/wp\/v2\/pages\/1355\/revisions"}],"predecessor-version":[{"id":1362,"href":"https:\/\/tekniseri.fi\/index.php?rest_route=\/wp\/v2\/pages\/1355\/revisions\/1362"}],"up":[{"embeddable":true,"href":"https:\/\/tekniseri.fi\/index.php?rest_route=\/wp\/v2\/pages\/543"}],"wp:attachment":[{"href":"https:\/\/tekniseri.fi\/index.php?rest_route=%2Fwp%2Fv2%2Fmedia&parent=1355"}],"curies":[{"name":"wp","href":"https:\/\/api.w.org\/{rel}","templated":true}]}}